alculate the greatest common factor of 602 and 246175.
43
What is the highest common divisor of 1175 and 19740?
235
What is the highest common factor of 2073149 and 52?
13
What is the greatest common factor of 155 and 15407?
31
Calculate the highest common divisor of 1307143 and 1546.
773
Calculate the greatest common divisor of 144170 and 130.
130
Calculate the greatest common factor of 117 and 34840.
13
What is the greatest common factor of 8888 and 1263207?
1111
What is the greatest common divisor of 3536 and 1816?
8
Calculate the greatest common factor of 270 and 693468.
54
Calculate the greatest common factor of 4025 and 15750.
175
Calculate the highest common divisor of 585700 and 200.
100
Calculate the greatest common factor of 4409034 and 21.
21
What is the highest common divisor of 3700 and 2375?
25
What is the highest common divisor of 42 and 33747?
21
Calculate the highest common factor of 21 and 513303.
21
What is the highest common factor of 507 and 108888?
39
What is the greatest common divisor of 10030 and 236?
118
What is the greatest common factor of 592 and 38517?
37
What is the greatest common factor of 1007 and 22268?
19
Calculate the highest common factor of 17811 and 657.
9
What is the highest common factor of 378 and 6498?
18
Calculate the highest common factor of 5958 and 9126.
18
Calculate the highest common factor of 25991 and 4424.
553
What is the highest common divisor of 4444 and 142?
2
Calculate the highest common factor of 10791 and 2.
1
Calculate the greatest common divisor of 10248 and 5544.
168
What is the highest common factor of 126 and 255150?
126
What is the highest common factor of 10 and 5318?
2
Calculate the highest common factor of 162 and 65862.
18
What is the highest common factor of 2573 and 87648?
83
Calculate the highest common factor of 12455 and 13865.
235
What is the greatest common factor of 1352 and 9897992?
1352
What is the greatest common factor of 110 and 113245?
55
Calculate the highest common factor of 339 and 72.
3
What is the highest common divisor of 4318 and 187?
17
Calculate the highest common factor of 1040 and 504720.
80
What is the greatest common divisor of 35 and 459560?
5
Calculate the greatest common divisor of 149848 and 8.
8
Calculate the greatest common divisor of 7 and 5508517.
7
Calculate the greatest common divisor of 2238 and 1167490.
746
Calculate the greatest common factor of 93343 and 5380.
269
What is the greatest common divisor of 477792 and 2370?
474
What is the greatest common factor of 1572 and 199644?
1572
Calculate the highest common divisor of 1052151 and 2335.
467
What is the greatest common factor of 23 and 704?
1
Calculate the greatest common factor of 1056 and 66396.
132
What is the highest common factor of 14 and 6349742?
14
What is the highest common factor of 1 and 154183?
1
What is the greatest common factor of 36174 and 54?
6
Calculate the highest common factor of 3448620 and 170.
170
Calculate the greatest common factor of 46 and 589214.
46
What is the greatest common divisor of 37449 and 285?
57
Calculate the greatest common factor of 19602 and 57354.
726
Calculate the highest common divisor of 1390 and 4488310.
1390
What is the greatest common divisor of 13 and 96?
1
Calculate the greatest common factor of 890358 and 17.
17
What is the highest common factor of 5712 and 789072?
816
What is the greatest common divisor of 485397 and 45?
9
What is the highest common divisor of 6943 and 16?
1
What is the greatest common factor of 95962 and 2?
2
Calculate the greatest common factor of 4444 and 201091.
1111
What is the highest common divisor of 60 and 2722140?
60
Calculate the greatest common factor of 1164 and 5432.
388
What is the greatest common factor of 33 and 1732137?
33
What is the greatest common factor of 17 and 64872?
17
What is the highest common factor of 40047 and 273?
21
What is the highest common divisor of 376075 and 200?
25
What is the highest common factor of 7446 and 876146?
2482
What is the highest common factor of 42 and 208138?
14
Calculate the highest common factor of 52 and 1559636.
52
What is the highest common factor of 120 and 10460?
20
Calculate the greatest common divisor of 532 and 238868.
532
What is the highest common factor of 2968 and 1148?
28
What is the greatest common divisor of 3 and 30743?
1
What is the highest common divisor of 1625 and 3549?
13
What is the highest common factor of 14 and 190582?
14
Calculate the highest common factor of 525185 and 90.
5
Calculate the greatest common divisor of 20226 and 12.
6
What is the highest common divisor of 3171 and 84?
21
Calculate the greatest common factor of 120 and 15720.
120
What is the greatest common divisor of 115 and 96715?
115
What is the highest common factor of 2510 and 1310?
10
Calculate the greatest common factor of 80 and 18190.
10
Calculate the highest common divisor of 481 and 299.
13
Calculate the highest common factor of 3107 and 3419.
13
Calculate the greatest common factor of 446 and 514907.
223
Calculate the highest common factor of 38 and 289123.
19
What is the greatest common divisor of 5918 and 7832?
22
Calculate the highest common divisor of 336 and 366.
6
What is the greatest common factor of 4170 and 24540?
30
Calculate the highest common divisor of 66 and 4664.
22
Calculate the greatest common divisor of 109017 and 9.
9
Calculate the greatest common factor of 1247 and 5504.
43
Calculate the highest common factor of 109808 and 176.
16
What is the greatest common factor of 1872 and 23283?
117
What is the highest common factor of 1550 and 204352?
62
What is the highest common divisor of 206894 and 47?
47
What is the highest common divisor of 2639770 and 877?
877
Calculate the highest common divisor of 18192 and 8256.
48
What is the greatest common factor of 627 and 38742?
33
Calculate the greatest common factor of 226 and 2490294.
226
Calculate the highest common divisor of 226832 and 96.
16
Calculate the greatest common factor of 2 and 77426.
2
Calculate the greatest common factor of 366 and 22398.
6
What is the highest common divisor of 1006278 and 546?
546
Calculate the greatest common divisor of 68 and 88349.
17
What is the greatest common factor of 76 and 953116?
76
What is the highest common factor of 3458 and 3992261?
1729
Calculate the highest common divisor of 232 and 52606.
58
What is the greatest common factor of 459 and 3876?
51
Calculate the highest common factor of 1426416 and 30.
6
What is the greatest common divisor of 238 and 197234?
34
What is the greatest common divisor of 84 and 37569?
21
What is the greatest common divisor of 10800 and 286650?
450
Calculate the highest common divisor of 240 and 39264.
48
Calculate the highest common factor of 7560 and 735.
105
Calculate the highest common factor of 586 and 984187.
293
Calculate the greatest common factor of 8474 and 114.
38
Calculate the highest common factor of 9975 and 714.
21
What is the highest common factor of 4051369 and 178?
89
What is the greatest common divisor of 5261721 and 51?
51
What is the greatest common factor of 976 and 84668?
244
What is the highest common divisor of 28265 and 10?
5
What is the highest common factor of 35 and 29911?
7
What is the highest common factor of 697 and 426649?
17
What is the greatest common divisor of 576985 and 4175?
835
What is the greatest common divisor of 7222 and 11618?
314
Calculate the highest common factor of 39 and 328809.
39
What is the highest common factor of 189179 and 278?
139
Calculate the greatest common divisor of 423 and 1029817.
47
What is the greatest common factor of 56 and 24199?
7
What is the greatest common factor of 902 and 872029?
41
Calculate the highest common factor of 64710 and 180.
90
What is the highest common factor of 15139 and 55?
1
What is the greatest common factor of 260 and 19440?
20
Calculate the greatest common factor of 3625 and 3475.
25
What is the greatest common factor of 53 and 19769?
53
What is the greatest common factor of 1560 and 5640?
120
What is the greatest common divisor of 173376 and 215?
43
Calculate the highest common factor of 4 and 66292.
4
What is the greatest common factor of 16 and 120272?
16
Calculate the greatest common factor of 8 and 133808.
8
What is the highes